 3*r. Let q = -132 + r. What is the remainder when q is divided by 7?
2
Suppose 5*a - 15 = 5*m, -m = 2*a + 2*a - 17. Suppose -s - 3*j - 14 = 0, -3*j - 2*j = 25. Let w = 18 - s. Calculate the remainder when w is divided by a.
1
Let r = -37076 + 37159. Suppose 0*y + 23 = y. What is the remainder when r is divided by y?
14
Suppose 0 = 7*x - 1064 + 903. Suppose h = 2*o + x, -5*o - 10 - 40 = -2*h. What is the remainder when h is divided by 14?
1
Suppose 25*t - 2250 = 7*t. Let w = -119 + t. Suppose w*o = 5 + 25. Calculate the remainder when 6 is divided by o.
1
Suppose 169 = 3*l - 4*x, x + 193 = -3*l + 312. Suppose 0*a = a - 3*t - 212, -1060 = -5*a + 3*t. Calculate the remainder when a is divided by l.
40
Let k = -3047 + 4711. Let i = k + -1638. Suppose -16 = -2*m + m. What is the remainder when i is divided by m?
10
Let d = -214 + 368. Calculate the remainder when d is divided by 1560/90*(-54)/(-24).
37
Let x = -15 - -22. Suppose x*g - 96 = 13*g. Calculate the remainder when 131 is divided by 132/g*(-1 + -3).
32
Let j(x) = -x**3 - 8*x**2 + 7*x + 22. Let a = 500 - 509. What is the remainder when 358 is divided by j(a)?
38
Suppose -58*w + 58*w = 99*w - 5841. Suppose -2*t - 4*m + 28 = 0, 5*t + m = 5*m + 28. Calculate the remainder when w is divided by t.
3
What is the remainder when 15/9*(110 + 385) is divided by 62?
19
Let g = -2255 - -2324. Calculate the remainder when g is divided by 20.
9
Let w = 6556 - 6517. Calculate the remainder when 107 is divided by w.
29
Let l = -118 - -148. Let c(s) = -s**3 + 26*s**2 + 53*s + 344. Calculate the remainder when c(28) is divided by l.
20
What is the remainder when 81 is divided by -2*(-1)/(-2)*(-99)/(-45)*-5?
4
Suppose -a = 2*y - 857, -5*a + 1772 + 2465 = -2*y. Let c = 866 - a. What is the remainder when 48 is divided by c?
14
Suppose -13*t - 2 + 2 = 0. Suppose -4*n - x + 84 = t, -3*n = -x - 3*x - 44. Suppose 6*y = 5*y + n. What is the remainder when 39 is divided by y?
19
Suppose -25368*u - 442 = -25394*u. Calculate the remainder when 6118 is divided by u.
15
Let m = -309 - -319. Let o(v) = 19*v - 15. Suppose k + n - 21 = 4*n, 5*k - 4*n = 50. Calculate the remainder when o(k) is divided by m.
9
Suppose 3*t - 6*l - 263 = -l, 0 = -2*t + l + 173. Let s = t + -81. Suppose 17 = s*b - 3. What is the remainder when 7 is divided by b?
3
Let f = 30 + -25. Suppose f*t - 40 = -v + 166, 3*t = -3*v + 114. Let m = t - 35. Calculate the remainder when 27 is divided by m.
6
Let f = -1 + 5. Suppose 3*i = -5*t + 7, -f*i = -4*t - 25 + 5. Calculate the remainder when (-58)/(-6)*6 + i is divided by 16.
14
What is the remainder when (-7 - 16029/90)*-18 + 8/(-10) is divided by 101?
99
Suppose -6*u - 149 = -7*u. Let k = 162 - u. What is the remainder when 81 is divided by k?
3
Let j(l) = 8*l + 283. Let a(y) = -2. Let w(k) = 2*a(k) - j(k). Calculate the remainder when w(-40) is divided by ((-8)/(-6))/(2/18).
9
Let q = -217 + 341. Let y(b) = -74*b + 923. What is the remainder when q is divided by y(12)?
19
Calculate the remainder when (-4258)/((-6)/(-9)*-9 - 84/(-21)) is divided by 15.
14
Let o = 28807 + -27883. What is the remainder when o is divided by 336?
252
What is the remainder when 4840 is divided by 40 + ((-360)/(-5))/(-6)?
24
Suppose 0 = 359*p - 17611 - 46291. What is the remainder when p is divided by (-4)/(-14) + 208/7?
28
Suppose 3*c - 4*r = 5232, 5*c + 5*r = 9658 - 938. Calculate the remainder when c is divided by 11.
6
Let q(u) = -2*u**3 + u**2 + u - 1. Let x be q(1). Let j = -3504 - -3504. Calculate the remainder when 60 is divided by (-2 - x - -1*22) + j.
18
Let g(p) = -60*p - 469. Calculate the remainder when 383 is divided by g(-10).
121
Let n(h) = -351*h - 1004. Calculate the remainder when n(-4) is divided by 81.
76
Let p(f) be the third derivative of -f**5/60 + 5*f**4/6 - 73*f**3/6 + 86*f**2. Calculate the remainder when p(15) is divided by 2.
0
Let m = 461 + -454. Let v(g) = 2*g**3 - 2*g**2 - 2*g - 2. Let u = 44 + -41. What is the remainder when v(u) is divided by m?
0
Suppose 32*c = 134 - 6. Suppose c*y + 4 - 47 = -t, t = 3. What is the remainder when y is divided by 8?
2
Suppose 3*b = 3*t + 87, -2*b + t + 97 = b. Suppose -14*o - 62 - 148 = 0. What is the remainder when b is divided by ((-8)/20)/2 - 108/o?
6
Let d(w) = -w**3 - 10*w**2 + 4*w + 30. Let y be (-531)/45 + 3/(45/12). Calculate the remainder when d(y) is divided by (-1)/4 - (-98)/8.
11
Let x = 249 + -89. Suppose 4*i = 4*v - x, 3*v + 5*i - 99 = i. What is the remainder when 146 is divided by v?
35
Suppose 44 + 3 = -5*b - 3*r, 2*r = -4*b - 36. Let q be 12/b*5/20*-14. Let d(j) = 2*j**3 - 13*j**2 + 8*j - 7. What is the remainder when d(q) is divided by 4?
1
Let p be 5 + (-3 - 1) - (1 - 0). Suppose p*l - l = 0. Suppose l = 18*y - 13*y - 10. What is the remainder when 5 is divided by y?
1
Suppose 24*y - 255 - 249 = 0. Calculate the remainder when 238 is divided by y.
7
Suppose 0 = -408*b + 518*b - 2530. Calculate the remainder when 664 is divided by b.
20
Let c = -9 + 17. Suppose 15 = s - c. Let n = s - 5. Calculate the remainder when n is divided by 10.
8
Suppose 1671 = -3*f + 3*c, 2*f + 187 = -2*c - 907. Let n = f - -697. Calculate the remainder when n is divided by 42.
19
Suppose 2*i - 84 = -3*i + 3*m, 4*m = 2*i - 28. What is the remainder when (-4)/76*-38 - (-3)/((-3)/(-265)) is divided by i?
15
Suppose 44 = 6*z - 100. Let y(s) = -9*s + 1. What is the remainder when y(-7) is divided by z?
16
Suppose 5*h - 5875 = -3*l, -120*h + 123*h = -5*l + 9749. What is the remainder when l is divided by 196?
181
Let o(u) = u**2 + 9*u + 2. Let j(w) = -282*w + 2585. What is the remainder when j(9) is divided by o(-11)?
23
Let i(y) = -629*y - 71. Let j be i(-2). Suppose 0 = -9*l + j + 1081. What is the remainder when l is divided by 86?
80
What is the remainder when 608 + 2 - 14*(-17)/34 is divided by 15?
2
Suppose -402*w - 22 = -403*w. Let n = 122 - -74. What is the remainder when n is divided by w?
20
Let k(x) = -2*x**2 + 387 + x**2 + 8*x - 313. What is the remainder when k(12) is divided by 6?
2
Let q = -124 - -177. Suppose -3*u + 23 = -2*m, 5*u - 4*m + 58 = 99. Let g(f) = 7*f**2 - 9*f + 24. What is the remainder when g(u) is divided by q?
48
Let c = -106 + 226. Suppose -c*p = -113*p - 119. Calculate the remainder when 42 is divided by p.
8
Let r(t) = -17*t**2 - 9*t + 16*t**3 - 17*t**3 - 9*t - 30. Let v be r(-16). What is the remainder when 43 is divided by 34/2 - v/1?
13
Let n = 258 + -254. What is the remainder when -724*((-5)/n - -1) is divided by 31?
26
Let v(z) = z**3 - 32*z**2 - 273*z + 68. Let y = -178 + 375. Calculate the remainder when y is divided by v(39).
61
Suppose a - 2*a = w + 4, 2*w - 2*a = -8. Calculate the remainder when 539 is divided by (-21)/(-56)*60*w/(-3).
29
Let x be (-1)/(6/8 + -1). Suppose -w - 4*o = 16, x*o - 13 = -2*w - 53. Let q = w + 61. Calculate the remainder when q is divided by 10.
7
Let g = -1 + 7. Suppose -g*w + 44 = -5*w. What is the remainder when 2387/w + (-1)/4 is divided by 14?
12
Let i = 757 - 724. Suppose -u = 0, 0*n + 60 = 5*n - 3*u. What is the remainder when i is divided by n?
9
Suppose 0 = 20*f - 10*f + 2110. Let l = -140 - f. Calculate the remainder when 141 is divided by l.
70
Let l = 55 - 53. Suppose -l*n = -2*h + 6*h - 36, -45 = -5*h + 2*n. What is the remainder when 24 is divided by h?
6
Let n = 64 + -58. Let w be (-72)/(-30)*160/n. Calculate the remainder when (w/24)/(2/(-3)) + 72 is divided by 35.
33
What is the remainder when 7249 is divided by (-6)/(12/(-550)) - (8 + -22 + 10)?
274
Let m(o) = 56*o - 1614. Let d(z) = 2*z**3 - z**3 - 8 + 2 - 6*z**2 - 2*z + z**2. Calculate the remainder when d(7) is divided by m(29).
8
Let t be 3/2*((-4)/(-12) - -1). What is the remainder when t/((-4)/(-6))*(-902)/(-33) is divided by 44?
38
Suppose 97*k = 92*k - 3*f + 589, 5*k + 5*f - 595 = 0. Calculate the remainder when 321 is divided by k.
89
Let h(f) = -572*f - 5141. What is the remainder when 17274 is divided by h(-9)?
5
Suppose -q = -6*q + 40. Suppose 3 - q = -r. Suppose -19 = -3*v + 2. What is the remainder when v is divided by r?
2
Suppose 3*q = 5*i + 425, 2*q + 0*i - 325 = -5*i. Suppose 0*l + 3*u - 54 = -4*l, -47 = -3*l + u. What is the remainder when q is divided by (-8)/20 - (-291)/l?
17
Let k(f) = 71*f**2 + 40*f -